{"id":1134,"date":"2022-08-08T20:41:41","date_gmt":"2022-08-08T23:41:41","guid":{"rendered":"https:\/\/www.paranaiba.ms.gov.br\/portal\/?page_id=1134"},"modified":"2025-03-11T20:08:35","modified_gmt":"2025-03-11T23:08:35","slug":"historia","status":"publish","type":"page","link":"https:\/\/www.paranaiba.ms.gov.br\/portal\/historia\/","title":{"rendered":"Hist\u00f3ria"},"content":{"rendered":"<p><span style=\"color: #000000;\">Parana\u00edba\u00a0\u00e9 um\u00a0<a style=\"color: #000000;\" href=\"https:\/\/pt.wikipedia.org\/wiki\/Munic%C3%ADpio_(Brasil)\">munic\u00edpio brasileiro<\/a>\u00a0da\u00a0<a style=\"color: #000000;\" href=\"https:\/\/pt.wikipedia.org\/wiki\/Regi%C3%A3o_Centro-Oeste_do_Brasil\">regi\u00e3o Centro-Oeste<\/a>, situado no\u00a0<a style=\"color: #000000;\" href=\"https:\/\/pt.wikipedia.org\/wiki\/Estados_do_Brasil\">estado<\/a>\u00a0de\u00a0<a style=\"color: #000000;\" href=\"https:\/\/pt.wikipedia.org\/wiki\/Mato_Grosso_do_Sul\">Mato Grosso do Sul<\/a>. Fundada em\u00a0<a style=\"color: #000000;\" href=\"https:\/\/pt.wikipedia.org\/wiki\/1838\">1838<\/a>, Parana\u00edba teve importante papel na\u00a0<a style=\"color: #000000;\" href=\"https:\/\/pt.wikipedia.org\/wiki\/Guerra_do_Paraguai\">Guerra do Paraguai<\/a>, pois foi rota de apoio log\u00edstico para a fuga dos civis envolvidos nesse conflito. A cidade \u00e9 equidistante e a meio caminho entre\u00a0<a style=\"color: #000000;\" href=\"https:\/\/pt.wikipedia.org\/wiki\/Campo_Grande_(Mato_Grosso_do_Sul)\">Campo Grande<\/a>\u00a0e\u00a0<a style=\"color: #000000;\" href=\"https:\/\/pt.wikipedia.org\/wiki\/Uberl%C3%A2ndia\">Uberl\u00e2ndia<\/a>\u00a0(<a style=\"color: #000000;\" href=\"https:\/\/pt.wikipedia.org\/wiki\/MG\">MG<\/a>) (dois importantes centros regionais e de servi\u00e7os do\u00a0<a style=\"color: #000000;\" href=\"https:\/\/pt.wikipedia.org\/wiki\/Cerrado\">Cerrado Brasileiro<\/a>), ficando a pouco mais de 400\u00a0km de dist\u00e2ncia de cada uma. \u00c9 portanto um importante entreposto comercial para quem costuma transitar entre essas duas cidades.<\/span><\/p>\n<p>&nbsp;<\/p>\n<p><span style=\"color: #000000;\">Origem<\/span><\/p>\n<p><strong><span style=\"color: #000000;\">Per\u00edodo Pr\u00e9-Colonial<\/span><\/strong><\/p>\n<p><span style=\"color: #000000;\">De acordo com pesquisas arqueol\u00f3gicas desenvolvidas no nordeste do Mato Grosso do Sul, a regi\u00e3o seria habitada por grupos humanos a pelo menos 10 mil\u00eanios<a style=\"color: #000000;\" href=\"https:\/\/pt.wikipedia.org\/wiki\/Parana%C3%ADba#cite_note-:0-11\">[11]<\/a>. Em Parana\u00edba, abrigos de cavernas pr\u00f3ximos a c\u00f3rregos como o Pedra Branca cont\u00e9m diversos\u00a0<a style=\"color: #000000;\" href=\"https:\/\/pt.wikipedia.org\/wiki\/S%C3%ADtio_arqueol%C3%B3gico\">s\u00edtios arqueol\u00f3gicos<\/a>, como o MS-PA-01<a style=\"color: #000000;\" href=\"https:\/\/pt.wikipedia.org\/wiki\/Parana%C3%ADba#cite_note-12\">[12]<\/a>, MS-PA-02 Casa de Pedra<a style=\"color: #000000;\" href=\"https:\/\/pt.wikipedia.org\/wiki\/Parana%C3%ADba#cite_note-13\">[13]<\/a>, MS-PA-03<a style=\"color: #000000;\" href=\"https:\/\/pt.wikipedia.org\/wiki\/Parana%C3%ADba#cite_note-14\">[14]<\/a>, MS-PA-04A<a style=\"color: #000000;\" href=\"https:\/\/pt.wikipedia.org\/wiki\/Parana%C3%ADba#cite_note-15\">[15]<\/a>, MS-PA-04B<a style=\"color: #000000;\" href=\"https:\/\/pt.wikipedia.org\/wiki\/Parana%C3%ADba#cite_note-16\">[16]<\/a>, MS-PA-Tri\u00e2ngulo da Serra<a style=\"color: #000000;\" href=\"https:\/\/pt.wikipedia.org\/wiki\/Parana%C3%ADba#cite_note-17\">[17]<\/a>\u00a0e MS-PA04C<a style=\"color: #000000;\" href=\"https:\/\/pt.wikipedia.org\/wiki\/Parana%C3%ADba#cite_note-18\">[18]<\/a>, onde foram encontrados fragmentos de ossos de animais,\u00a0<a style=\"color: #000000;\" href=\"https:\/\/pt.wikipedia.org\/wiki\/Ferramenta_de_pedra\">instrumentos de pedra<\/a>\u00a0feitos em\u00a0<a style=\"color: #000000;\" href=\"https:\/\/pt.wikipedia.org\/wiki\/Arenito\">arenito silicificado<\/a>, alguns poucos\u00a0<a style=\"color: #000000;\" href=\"https:\/\/pt.wikipedia.org\/wiki\/Cer%C3%A2mica\">fragmentos cer\u00e2micos<\/a>\u00a0mais recentes, estruturas de combust\u00e3o e\u00a0<a style=\"color: #000000;\" href=\"https:\/\/pt.wikipedia.org\/wiki\/Gravura_rupestre\">grafismos rupestres<\/a>\u00a0predominantemente vermelhos. Em geral, os desenhos representam desde animais at\u00e9 formas geom\u00e9tricas, al\u00e9m de figuras abstratas ainda pouco compreendidas<a style=\"color: #000000;\" href=\"https:\/\/pt.wikipedia.org\/wiki\/Parana%C3%ADba#cite_note-:1-19\">[19]<\/a><a style=\"color: #000000;\" href=\"https:\/\/pt.wikipedia.org\/wiki\/Parana%C3%ADba#cite_note-20\">[20]<\/a>. Alguns dos\u00a0<a style=\"color: #000000;\" href=\"https:\/\/pt.wikipedia.org\/wiki\/Carv%C3%A3o_vegetal\">carv\u00f5es<\/a>\u00a0encontrados no subsolo desses s\u00edtios foram datados pelo m\u00e9todo\u00a0<a style=\"color: #000000;\" href=\"https:\/\/pt.wikipedia.org\/wiki\/Carbono-14\">Carbono 14<\/a>, revelando per\u00edodos de ocupa\u00e7\u00e3o que variam desde 11.400 anos\u00a0<a style=\"color: #000000;\" href=\"https:\/\/pt.wikipedia.org\/wiki\/Antes_do_Presente\">Antes do Presente<\/a>\u00a0at\u00e9 6710 +- 100 anos Antes do Presente<a style=\"color: #000000;\" href=\"https:\/\/pt.wikipedia.org\/wiki\/Parana%C3%ADba#cite_note-:0-11\">[11]<\/a><a style=\"color: #000000;\" href=\"https:\/\/pt.wikipedia.org\/wiki\/Parana%C3%ADba#cite_note-21\">[21]<\/a><a style=\"color: #000000;\" href=\"https:\/\/pt.wikipedia.org\/wiki\/Parana%C3%ADba#cite_note-22\">[22]<\/a>.<\/span><\/p>\n<p><span style=\"color: #000000;\">Essas primeiras\u00a0<a style=\"color: #000000;\" href=\"https:\/\/pt.wikipedia.org\/wiki\/Povos_ind%C3%ADgenas_do_Brasil\">popula\u00e7\u00f5es amer\u00edndias<\/a>\u00a0n\u00e3o conheciam a\u00a0<a style=\"color: #000000;\" href=\"https:\/\/pt.wikipedia.org\/wiki\/Agricultura\">agricultura<\/a>, vivendo da ca\u00e7a e coleta de alimentos nos vales e morros do atual nordeste sul-matogrossense<a style=\"color: #000000;\" href=\"https:\/\/pt.wikipedia.org\/wiki\/Parana%C3%ADba#cite_note-:1-19\">[19]<\/a>. Obtinham mat\u00e9ria-prima para produ\u00e7\u00e3o de ferramentas em afloramentos de arenito,\u00a0<a style=\"color: #000000;\" href=\"https:\/\/pt.wikipedia.org\/wiki\/S%C3%ADlex\">s\u00edlex<\/a>\u00a0e outras rochas, tamb\u00e9m se utilizando de fibras vegetais,\u00a0<a style=\"color: #000000;\" href=\"https:\/\/pt.wikipedia.org\/wiki\/Couro\">couro<\/a>\u00a0e ossos de animais. Ind\u00edcios de cultivo e consumo de plantas domesticadas, al\u00e9m da fabrica\u00e7\u00e3o e uso de cer\u00e2micas para diversos fins datam dos \u00faltimos tr\u00eas ou quatro mil\u00eanios, \u00e9poca em que a presen\u00e7a de povos falantes de idiomas\u00a0<a style=\"color: #000000;\" href=\"https:\/\/pt.wikipedia.org\/wiki\/Macro-j%C3%AA\">Macro-J\u00ea<\/a>\u00a0e\u00a0<a style=\"color: #000000;\" href=\"https:\/\/pt.wikipedia.org\/wiki\/L%C3%ADnguas_tupi-guaranis\">Tupi-Guarani<\/a>\u00a0\u00e9 reconhecida em toda a \u00e1rea entre os rios\u00a0<a style=\"color: #000000;\" href=\"https:\/\/pt.wikipedia.org\/wiki\/Rio_Sucuri%C3%BA\">Sucuri\u00fa<\/a>\u00a0e Parana\u00edba. Localizados a c\u00e9u aberto, os s\u00edtios arqueol\u00f3gicos MS-PA-05<a style=\"color: #000000;\" href=\"https:\/\/pt.wikipedia.org\/wiki\/Parana%C3%ADba#cite_note-23\">[23]<\/a>, Santana<a style=\"color: #000000;\" href=\"https:\/\/pt.wikipedia.org\/wiki\/Parana%C3%ADba#cite_note-24\">[24]<\/a>, Rio Parana\u00edba 22 (RP22)<a style=\"color: #000000;\" href=\"https:\/\/pt.wikipedia.org\/wiki\/Parana%C3%ADba#cite_note-25\">[25]<\/a>, Rio Parana\u00edba 23 (RP23)<a style=\"color: #000000;\" href=\"https:\/\/pt.wikipedia.org\/wiki\/Parana%C3%ADba#cite_note-26\">[26]<\/a>\u00a0e Rio Parana\u00edba 24 (RP24)<a style=\"color: #000000;\" href=\"https:\/\/pt.wikipedia.org\/wiki\/Parana%C3%ADba#cite_note-27\">[27]<\/a>\u00a0provavelmente representam antigas aldeias ou acampamentos de ca\u00e7a desses grupos ind\u00edgenas, sendo identificados\u00a0<a style=\"color: #000000;\" href=\"https:\/\/pt.wikipedia.org\/wiki\/Ferramenta_de_pedra\">instrumentos l\u00edticos lascados<\/a>, al\u00e9m de diversos fragmentos de cer\u00e2micas.<\/span><\/p>\n<p><span style=\"color: #000000;\"><strong>Per\u00edodo Colonial<\/strong><\/span><\/p>\n<p><span style=\"color: #000000;\">De acordo com as fontes hist\u00f3ricas dispon\u00edveis, as primeiras expedi\u00e7\u00f5es europeias a alcan\u00e7ar as margens do rio Parana\u00edba se depararam com v\u00e1rias aldeias\u00a0<a style=\"color: #000000;\" href=\"https:\/\/pt.wikipedia.org\/wiki\/Kayap%C3%B3\">Kayap\u00f3<\/a>, povo de idioma relacionado ao tronco Macro-J\u00ea<a style=\"color: #000000;\" href=\"https:\/\/pt.wikipedia.org\/wiki\/Parana%C3%ADba#cite_note-28\">[28]<\/a>. Ao contr\u00e1rio de outros grupos ind\u00edgenas da regi\u00e3o, os Kayap\u00f3 se concentravam nas zonas de florestas pr\u00f3ximas de rios e locais com relevo colinoso, \u00e1reas com bastante fertilidade para a ca\u00e7a e planta\u00e7\u00e3o, estabelecendo aldeias com casas dispostas ao redor de uma pra\u00e7a descampada<a style=\"color: #000000;\" href=\"https:\/\/pt.wikipedia.org\/wiki\/Parana%C3%ADba#cite_note-29\">[29]<\/a>. Registros arqueol\u00f3gicos encontrados em v\u00e1rios locais do\u00a0<a style=\"color: #000000;\" href=\"https:\/\/pt.wikipedia.org\/wiki\/Regi%C3%A3o_Sudeste_do_Brasil\">Sudeste<\/a>\u00a0e Centro-Oeste indicam que os Kayap\u00f3 habitam a regi\u00e3o provavelmente desde o in\u00edcio da Era Comum<a style=\"color: #000000;\" href=\"https:\/\/pt.wikipedia.org\/wiki\/Parana%C3%ADba#cite_note-30\">[30]<\/a><a style=\"color: #000000;\" href=\"https:\/\/pt.wikipedia.org\/wiki\/Parana%C3%ADba#cite_note-31\">[31]<\/a>.<\/span><\/p>\n<p><span style=\"color: #000000;\">Retratados como um povo guerreiro em documenta\u00e7\u00f5es do per\u00edodo colonial e imperial, os Kayap\u00f3 foram submetidos a diversas persegui\u00e7\u00f5es e massacres desde a chegada dos primeiros grupos de colonizadores europeus. Esses primeiros contatos ocorreram por meio das\u00a0<a style=\"color: #000000;\" href=\"https:\/\/pt.wikipedia.org\/wiki\/Bandeirantes\">bandeiras paulistas<\/a>\u00a0do s\u00e9culo XVIII, que atravessavam o sert\u00e3o com o objetivo de capturar ind\u00edgenas para servirem como escravos. A primeira descri\u00e7\u00e3o dos Kaiap\u00f3 foi elaborada pelo sertanista Capit\u00e3o\u00a0<a style=\"color: #000000;\" href=\"https:\/\/pt.wikipedia.org\/wiki\/Antonio_Pires_de_Campos\">Antonio Pires de Campos<\/a>, o Pai-Pir\u00e1, no ano de\u00a0<a style=\"color: #000000;\" href=\"https:\/\/pt.wikipedia.org\/wiki\/1723\">1723<\/a>. Nesse ano, Ant\u00f4nio estava percorrendo o\u00a0<a style=\"color: #000000;\" href=\"https:\/\/pt.wikipedia.org\/wiki\/Rio_Tiet%C3%AA\">Rio Tiet\u00ea<\/a>, passando pelo\u00a0<a style=\"color: #000000;\" href=\"https:\/\/pt.wikipedia.org\/wiki\/Rio_Grande_(Minas_Gerais)\">Rio Grande<\/a>\u00a0at\u00e9 o Rio Parana\u00edba, e afirmou que acima desse curso d\u2019\u00e1gua se encontrava o \u201cgentio chamado Caiap\u00f3\u201d. Nesse mesmo documento, Campos afirma que estes se organizavam em aldeias numerosas, cada uma governada por um\u00a0<a style=\"color: #000000;\" href=\"https:\/\/pt.wikipedia.org\/wiki\/Cacique\">cacique<\/a><a style=\"color: #000000;\" href=\"https:\/\/pt.wikipedia.org\/wiki\/Parana%C3%ADba#cite_note-32\">[32]<\/a>. Por conseguinte, em\u00a0<a style=\"color: #000000;\" href=\"https:\/\/pt.wikipedia.org\/wiki\/1742\">1742<\/a>, Ant\u00f4nio Pires de Campos iniciou uma guerra contra os Kaiap\u00f3, atuando principalmente nas aldeias de Santana, Rio das Pedras e Lanhoso \u2013 locais situados atualmente na regi\u00e3o do\u00a0<a style=\"color: #000000;\" href=\"https:\/\/pt.wikipedia.org\/wiki\/Tri%C3%A2ngulo_Mineiro\">Tri\u00e2ngulo Mineiro<\/a>. Apesar da intensidade dos confrontos, os quais teriam se estendido at\u00e9 meados da d\u00e9cada de\u00a0<a style=\"color: #000000;\" href=\"https:\/\/pt.wikipedia.org\/wiki\/1750\">1750<\/a><a style=\"color: #000000;\" href=\"https:\/\/pt.wikipedia.org\/wiki\/Parana%C3%ADba#cite_note-:2-33\">[33]<\/a>, h\u00e1 registro da presen\u00e7a Kayap\u00f3 na regi\u00e3o de Parana\u00edba at\u00e9 pelo menos\u00a0<a style=\"color: #000000;\" href=\"https:\/\/pt.wikipedia.org\/wiki\/1848\">1848<\/a><a style=\"color: #000000;\" href=\"https:\/\/pt.wikipedia.org\/wiki\/Parana%C3%ADba#cite_note-:2-33\">[33]<\/a>.<\/span><\/p>\n<p>&nbsp;<\/p>\n<p><strong><span style=\"color: #000000;\">S\u00e9culo XIX: Funda\u00e7\u00e3o do povoado e cria\u00e7\u00e3o da Vila de Santana do Parana\u00edba<\/span><\/strong><\/p>\n<p><span style=\"color: #000000;\">Durante todo o\u00a0<a style=\"color: #000000;\" href=\"https:\/\/pt.wikipedia.org\/wiki\/S%C3%A9culo_XVIII\">s\u00e9culo XVIII<\/a>, a regi\u00e3o entre os rios Sucuru\u00ed e Parana\u00edba n\u00e3o foi alvo de tentativas consistentes de coloniza\u00e7\u00e3o luso-brasileira. Somente em\u00a0<a style=\"color: #000000;\" href=\"https:\/\/pt.wikipedia.org\/wiki\/1830\">1830<\/a>\u00a0vieram os primeiros colonizadores, oriundos de\u00a0<a style=\"color: #000000;\" href=\"https:\/\/pt.wikipedia.org\/wiki\/Minas_Gerais\">Minas Gerais<\/a>. Tratava-se das fam\u00edlias Garcia Leal, Rodrigues da Costa, Correia Neves, Barbosa e Lopes, tendo \u00e0 frente Jos\u00e9 Garcia Leal,\u00a0<a style=\"color: #000000;\" href=\"https:\/\/pt.wikipedia.org\/wiki\/Janu%C3%A1rio_Garcia_Leal_Sobrinho\">Janu\u00e1rio Garcia Leal Sobrinho<\/a>\u00a0e\u00a0<a style=\"color: #000000;\" href=\"https:\/\/pt.wikipedia.org\/wiki\/Lu%C3%ADs_Correia_Neves\">Lu\u00eds Correia Neves<\/a>. Jos\u00e9 Garcia Leal \u00e9 considerado, ao lado de seu irm\u00e3o Janu\u00e1rio, l\u00edder dos colonizadores &#8211; seus familiares que estabeleceram fazendas de cria\u00e7\u00e3o de gado tr\u00eas l\u00e9guas do povoado de Sant\u2019ana do Parana\u00edba, seduzidos pelas \u00e1guas do\u00a0<a style=\"color: #000000;\" href=\"https:\/\/pt.wikipedia.org\/wiki\/Ribeir%C3%A3o_Ariranha\">ribeir\u00e3o Ariranha<\/a>\u00a0e pela fertilidade do solo, que se prestava \u00e0s v\u00e1rias culturas de subsist\u00eancia. Lu\u00eds Correia Neves, por sua vez, estabeleceu-se ao sul da vila, em \u00e1guas do\u00a0<a style=\"color: #000000;\" href=\"https:\/\/pt.wikipedia.org\/wiki\/Rio_Quit%C3%A9ria\">rio Quit\u00e9ria<\/a><a style=\"color: #000000;\" href=\"https:\/\/pt.wikipedia.org\/wiki\/Parana%C3%ADba#cite_note-:2-33\">[33]<\/a><a style=\"color: #000000;\" href=\"https:\/\/pt.wikipedia.org\/wiki\/Parana%C3%ADba#cite_note-34\">[34]<\/a>. Como em todo o contexto rural brasileiro desse per\u00edodo, essas grandes fazendas pioneiras em Parana\u00edba eram baseadas no\u00a0<a style=\"color: #000000;\" href=\"https:\/\/pt.wikipedia.org\/wiki\/Escravid%C3%A3o_no_Brasil\">trabalho escravo<\/a>\u00a0de afro-brasileiros e africanos, os quais foram trazidos em grandes quantidades pelas fam\u00edlias que se estabeleceram na regi\u00e3o.<\/span><\/p>\n<p><span style=\"color: #000000;\">O povoado original de Santana do Parana\u00edba come\u00e7ou a tomar forma na primeira metade da d\u00e9cada de 1830, portanto, em terreno possivelmente doado por Jo\u00e3o Alves dos Santos<a style=\"color: #000000;\" href=\"https:\/\/pt.wikipedia.org\/wiki\/Parana%C3%ADba#cite_note-35\">[35]<\/a>. Em\u00a0<a style=\"color: #000000;\" href=\"https:\/\/pt.wikipedia.org\/wiki\/1836\">1836<\/a>\u00a0erguia-se a primeira igreja, pela conjuga\u00e7\u00e3o de esfor\u00e7os dos Garcia e do Padre Francisco Sales de Souza Fleury, primeiro p\u00e1roco da\u00a0<a style=\"color: #000000;\" href=\"https:\/\/pt.wikipedia.org\/wiki\/Freguesia\">freguesia<\/a>\u00a0rec\u00e9m-estabelecida. Segundo consta, Ana Ang\u00e9lica de Freitas, esposa do Capit\u00e3o Jos\u00e9 Garcia Leal, teria fornecido uma imagem de\u00a0<a style=\"color: #000000;\" href=\"https:\/\/pt.wikipedia.org\/wiki\/Ana,_m%C3%A3e_de_Maria\">Nossa Senhora Santana<\/a>\u00a0para a igreja<a style=\"color: #000000;\" href=\"https:\/\/pt.wikipedia.org\/wiki\/Parana%C3%ADba#cite_note-:3-36\">[36]<\/a>. Em\u00a0<a style=\"color: #000000;\" href=\"https:\/\/pt.wikipedia.org\/wiki\/1838\">1838<\/a>, foi criado o distrito administrativo subordinado \u00e0 comarca de\u00a0<a style=\"color: #000000;\" href=\"https:\/\/pt.wikipedia.org\/wiki\/Mato_Grosso\">Mato Grosso<\/a>, com sede em\u00a0<a style=\"color: #000000;\" href=\"https:\/\/pt.wikipedia.org\/wiki\/Cuiab%C3%A1\">Cuiab\u00e1<\/a>. Para al\u00e9m dos colonizadores pioneiros j\u00e1 citados, a localidade tamb\u00e9m atraiu migrantes das ent\u00e3o Prov\u00edncias de\u00a0<a style=\"color: #000000;\" href=\"https:\/\/pt.wikipedia.org\/wiki\/Prov%C3%ADncia_de_S%C3%A3o_Paulo\">S\u00e3o Paulo<\/a>\u00a0e\u00a0<a style=\"color: #000000;\" href=\"https:\/\/pt.wikipedia.org\/wiki\/Prov%C3%ADncia_de_Minas_Gerais\">Minas Gerais<\/a>. Esse afluxo de pessoas foi facilitado pela abertura da estrada do Piquiri, que ligava Cuiab\u00e1 ao litoral por meio de rotas que atravessavam\u00a0<a style=\"color: #000000;\" href=\"https:\/\/pt.wikipedia.org\/wiki\/Araraquara\">Araraquara<\/a>\u00a0e\u00a0<a style=\"color: #000000;\" href=\"https:\/\/pt.wikipedia.org\/wiki\/Uberaba\">Uberaba<\/a>, obra incentivada pela fam\u00edlia Garcia Leal, j\u00e1 que a rota atravessava terras de sua propriedade<a style=\"color: #000000;\" href=\"https:\/\/pt.wikipedia.org\/wiki\/Parana%C3%ADba#cite_note-:3-36\">[36]<\/a>. O caminho que seguia em dire\u00e7\u00e3o \u00e0 Minas Gerais passava pelo chamado porto Alencastro, considerado o in\u00edcio da estrada do\u00a0<a style=\"color: #000000;\" href=\"https:\/\/pt.wikipedia.org\/wiki\/Sert%C3%A3o_da_farinha_podre\">Sert\u00e3o da Farinha Podre<\/a>, antiga denomina\u00e7\u00e3o dada \u00e0 regi\u00e3o do Tri\u00e2ngulo Mineiro<a style=\"color: #000000;\" href=\"https:\/\/pt.wikipedia.org\/wiki\/Parana%C3%ADba#cite_note-:4-37\">[37]<\/a>.<\/span><\/p>\n<p><span style=\"color: #000000;\">No dia 01 de Julho de\u00a0<a style=\"color: #000000;\" href=\"https:\/\/pt.wikipedia.org\/wiki\/1857\">1857<\/a>, a freguesia foi anexada \u00e0 rec\u00e9m criada\u00a0<a style=\"color: #000000;\" href=\"https:\/\/pt.wikipedia.org\/wiki\/Miranda_(Mato_Grosso_do_Sul)\">Vila de Miranda<\/a>, e em 4 de julho de 1857 foi elevada tamb\u00e9m \u00e0 condi\u00e7\u00e3o d Vila, quando a povoa\u00e7\u00e3o denominada Sant&#8217;Ana do Parana\u00edba, em homenagem a Nossa Senhora Santana, padroeira do lugar, foi elevada \u00e0 categoria de vila, criando-se o munic\u00edpio, desmembrado de Miranda.<\/span><\/p>\n<p>&nbsp;<\/p>\n","protected":false},"excerpt":{"rendered":"<p>Parana\u00edba\u00a0\u00e9 um\u00a0munic\u00edpio brasileiro\u00a0da\u00a0regi\u00e3o Centro-Oeste, situado no\u00a0estado\u00a0de\u00a0Mato Grosso do Sul. Fundada em\u00a01838, Parana\u00edba teve importante papel na\u00a0Guerra do Paraguai, pois foi rota de apoio log\u00edstico para a fuga dos civis envolvidos nesse conflito. A cidade \u00e9 equidistante e a meio caminho entre\u00a0Campo Grande\u00a0e\u00a0Uberl\u00e2ndia\u00a0(MG) (dois importantes centros regionais e de servi\u00e7os do\u00a0Cerrado Brasileiro), ficando a pouco mais&#8230;<\/p>\n","protected":false},"author":6,"featured_media":0,"parent":0,"menu_order":0,"comment_status":"closed","ping_status":"closed","template":"","meta":{"inline_featured_image":false,"footnotes":""},"class_list":["post-1134","page","type-page","status-publish","hentry"],"acf":[],"yoast_head":"<!-- This site is optimized with the Yoast SEO plugin v24.0 - https:\/\/yoast.com\/wordpress\/plugins\/seo\/ -->\n<title>Hist\u00f3ria - Prefeitura Municipal de Parana\u00edba-MS<\/title>\n<meta name=\"robots\" content=\"index, follow, max-snippet:-1, max-image-preview:large, max-video-preview:-1\" \/>\n<link rel=\"canonical\" href=\"https:\/\/www.paranaiba.ms.gov.br\/portal\/historia\/\" \/>\n<meta name=\"twitter:label1\" content=\"Est. tempo de leitura\" \/>\n\t<meta name=\"twitter:data1\" content=\"6 minutos\" \/>\n<script type=\"application\/ld+json\" class=\"yoast-schema-graph\">{\"@context\":\"https:\/\/schema.org\",\"@graph\":[{\"@type\":\"WebPage\",\"@id\":\"https:\/\/www.paranaiba.ms.gov.br\/portal\/historia\/\",\"url\":\"https:\/\/www.paranaiba.ms.gov.br\/portal\/historia\/\",\"name\":\"Hist\u00f3ria - Prefeitura Municipal de Parana\u00edba-MS\",\"isPartOf\":{\"@id\":\"https:\/\/www.paranaiba.ms.gov.br\/portal\/#website\"},\"datePublished\":\"2022-08-08T23:41:41+00:00\",\"dateModified\":\"2025-03-11T23:08:35+00:00\",\"breadcrumb\":{\"@id\":\"https:\/\/www.paranaiba.ms.gov.br\/portal\/historia\/#breadcrumb\"},\"inLanguage\":\"pt-BR\",\"potentialAction\":[{\"@type\":\"ReadAction\",\"target\":[\"https:\/\/www.paranaiba.ms.gov.br\/portal\/historia\/\"]}]},{\"@type\":\"BreadcrumbList\",\"@id\":\"https:\/\/www.paranaiba.ms.gov.br\/portal\/historia\/#breadcrumb\",\"itemListElement\":[{\"@type\":\"ListItem\",\"position\":1,\"name\":\"In\u00edcio\",\"item\":\"https:\/\/www.paranaiba.ms.gov.br\/portal\/\"},{\"@type\":\"ListItem\",\"position\":2,\"name\":\"Hist\u00f3ria\"}]},{\"@type\":\"WebSite\",\"@id\":\"https:\/\/www.paranaiba.ms.gov.br\/portal\/#website\",\"url\":\"https:\/\/www.paranaiba.ms.gov.br\/portal\/\",\"name\":\"Prefeitura Municipal de Parana\u00edba-MS\",\"description\":\"Prefeitura Municipal de Parana\u00edba-MS\",\"publisher\":{\"@id\":\"https:\/\/www.paranaiba.ms.gov.br\/portal\/#organization\"},\"potentialAction\":[{\"@type\":\"SearchAction\",\"target\":{\"@type\":\"EntryPoint\",\"urlTemplate\":\"https:\/\/www.paranaiba.ms.gov.br\/portal\/?s={search_term_string}\"},\"query-input\":{\"@type\":\"PropertyValueSpecification\",\"valueRequired\":true,\"valueName\":\"search_term_string\"}}],\"inLanguage\":\"pt-BR\"},{\"@type\":\"Organization\",\"@id\":\"https:\/\/www.paranaiba.ms.gov.br\/portal\/#organization\",\"name\":\"Prefeitura Municipal de Parana\u00edba-MS\",\"url\":\"https:\/\/www.paranaiba.ms.gov.br\/portal\/\",\"logo\":{\"@type\":\"ImageObject\",\"inLanguage\":\"pt-BR\",\"@id\":\"https:\/\/www.paranaiba.ms.gov.br\/portal\/#\/schema\/logo\/image\/\",\"url\":\"https:\/\/www.paranaiba.ms.gov.br\/portal\/wp-content\/uploads\/2022\/11\/logo-rodape02.webp\",\"contentUrl\":\"https:\/\/www.paranaiba.ms.gov.br\/portal\/wp-content\/uploads\/2022\/11\/logo-rodape02.webp\",\"width\":556,\"height\":492,\"caption\":\"Prefeitura Municipal de Parana\u00edba-MS\"},\"image\":{\"@id\":\"https:\/\/www.paranaiba.ms.gov.br\/portal\/#\/schema\/logo\/image\/\"}}]}<\/script>\n<!-- \/ Yoast SEO plugin. -->","yoast_head_json":{"title":"Hist\u00f3ria - Prefeitura Municipal de Parana\u00edba-MS","robots":{"index":"index","follow":"follow","max-snippet":"max-snippet:-1","max-image-preview":"max-image-preview:large","max-video-preview":"max-video-preview:-1"},"canonical":"https:\/\/www.paranaiba.ms.gov.br\/portal\/historia\/","twitter_misc":{"Est. tempo de leitura":"6 minutos"},"schema":{"@context":"https:\/\/schema.org","@graph":[{"@type":"WebPage","@id":"https:\/\/www.paranaiba.ms.gov.br\/portal\/historia\/","url":"https:\/\/www.paranaiba.ms.gov.br\/portal\/historia\/","name":"Hist\u00f3ria - Prefeitura Municipal de Parana\u00edba-MS","isPartOf":{"@id":"https:\/\/www.paranaiba.ms.gov.br\/portal\/#website"},"datePublished":"2022-08-08T23:41:41+00:00","dateModified":"2025-03-11T23:08:35+00:00","breadcrumb":{"@id":"https:\/\/www.paranaiba.ms.gov.br\/portal\/historia\/#breadcrumb"},"inLanguage":"pt-BR","potentialAction":[{"@type":"ReadAction","target":["https:\/\/www.paranaiba.ms.gov.br\/portal\/historia\/"]}]},{"@type":"BreadcrumbList","@id":"https:\/\/www.paranaiba.ms.gov.br\/portal\/historia\/#breadcrumb","itemListElement":[{"@type":"ListItem","position":1,"name":"In\u00edcio","item":"https:\/\/www.paranaiba.ms.gov.br\/portal\/"},{"@type":"ListItem","position":2,"name":"Hist\u00f3ria"}]},{"@type":"WebSite","@id":"https:\/\/www.paranaiba.ms.gov.br\/portal\/#website","url":"https:\/\/www.paranaiba.ms.gov.br\/portal\/","name":"Prefeitura Municipal de Parana\u00edba-MS","description":"Prefeitura Municipal de Parana\u00edba-MS","publisher":{"@id":"https:\/\/www.paranaiba.ms.gov.br\/portal\/#organization"},"potentialAction":[{"@type":"SearchAction","target":{"@type":"EntryPoint","urlTemplate":"https:\/\/www.paranaiba.ms.gov.br\/portal\/?s={search_term_string}"},"query-input":{"@type":"PropertyValueSpecification","valueRequired":true,"valueName":"search_term_string"}}],"inLanguage":"pt-BR"},{"@type":"Organization","@id":"https:\/\/www.paranaiba.ms.gov.br\/portal\/#organization","name":"Prefeitura Municipal de Parana\u00edba-MS","url":"https:\/\/www.paranaiba.ms.gov.br\/portal\/","logo":{"@type":"ImageObject","inLanguage":"pt-BR","@id":"https:\/\/www.paranaiba.ms.gov.br\/portal\/#\/schema\/logo\/image\/","url":"https:\/\/www.paranaiba.ms.gov.br\/portal\/wp-content\/uploads\/2022\/11\/logo-rodape02.webp","contentUrl":"https:\/\/www.paranaiba.ms.gov.br\/portal\/wp-content\/uploads\/2022\/11\/logo-rodape02.webp","width":556,"height":492,"caption":"Prefeitura Municipal de Parana\u00edba-MS"},"image":{"@id":"https:\/\/www.paranaiba.ms.gov.br\/portal\/#\/schema\/logo\/image\/"}}]}},"_links":{"self":[{"href":"https:\/\/www.paranaiba.ms.gov.br\/portal\/wp-json\/wp\/v2\/pages\/1134","targetHints":{"allow":["GET"]}}],"collection":[{"href":"https:\/\/www.paranaiba.ms.gov.br\/portal\/wp-json\/wp\/v2\/pages"}],"about":[{"href":"https:\/\/www.paranaiba.ms.gov.br\/portal\/wp-json\/wp\/v2\/types\/page"}],"author":[{"embeddable":true,"href":"https:\/\/www.paranaiba.ms.gov.br\/portal\/wp-json\/wp\/v2\/users\/6"}],"replies":[{"embeddable":true,"href":"https:\/\/www.paranaiba.ms.gov.br\/portal\/wp-json\/wp\/v2\/comments?post=1134"}],"version-history":[{"count":5,"href":"https:\/\/www.paranaiba.ms.gov.br\/portal\/wp-json\/wp\/v2\/pages\/1134\/revisions"}],"predecessor-version":[{"id":14502,"href":"https:\/\/www.paranaiba.ms.gov.br\/portal\/wp-json\/wp\/v2\/pages\/1134\/revisions\/14502"}],"wp:attachment":[{"href":"https:\/\/www.paranaiba.ms.gov.br\/portal\/wp-json\/wp\/v2\/media?parent=1134"}],"curies":[{"name":"wp","href":"https:\/\/api.w.org\/{rel}","templated":true}]}}